{"id":1532,"date":"2023-08-23T21:45:35","date_gmt":"2023-08-23T20:45:35","guid":{"rendered":"https:\/\/podokreggorlice.pl\/?page_id=1532"},"modified":"2023-08-23T22:00:18","modified_gmt":"2023-08-23T21:00:18","slug":"kolory-strojow-klasa-okregowa-2023-2024","status":"publish","type":"page","link":"https:\/\/podokreggorlice.pl\/index.php\/kolory-strojow-klasa-okregowa-2023-2024\/","title":{"rendered":"KOLORY STROJ\u00d3W KLASA OKR\u0118GOWA 2023\/2024"},"content":{"rendered":"\n<figure class=\"wp-block-table\"><table><tbody><tr><td class=\"has-text-align-center\" data-align=\"center\" rowspan=\"2\">Lp.<\/td><td class=\"has-text-align-center\" data-align=\"center\" rowspan=\"2\">Klub<\/td><td class=\"has-text-align-center\" data-align=\"center\" colspan=\"3\">Stroje podstawowe<\/td><td class=\"has-text-align-center\" data-align=\"center\" colspan=\"3\">Bramkarz<\/td><\/tr><tr><td class=\"has-text-align-center\" data-align=\"center\">Koszulka<\/td><td class=\"has-text-align-center\" data-align=\"center\">Spodenki<\/td><td class=\"has-text-align-center\" data-align=\"center\">Getry<\/td><td class=\"has-text-align-center\" data-align=\"center\">Koszulka<\/td><td class=\"has-text-align-center\" data-align=\"center\">Spodenki<\/td><td class=\"has-text-align-center\" data-align=\"center\">Getry<\/td><\/tr><tr><td class=\"has-text-align-center\" data-align=\"center\">1<\/td><td class=\"has-text-align-center\" data-align=\"center\">KS Amator Paszyn<\/td><td class=\"has-text-align-center\" data-align=\"center\">Niebiesko-bia\u0142a<\/td><td class=\"has-text-align-center\" data-align=\"center\">Niebieskie<\/td><td class=\"has-text-align-center\" data-align=\"center\">Bia\u0142e<\/td><td class=\"has-text-align-center\" data-align=\"center\"><\/td><td class=\"has-text-align-center\" data-align=\"center\"><\/td><td><\/td><\/tr><tr><td class=\"has-text-align-center\" data-align=\"center\">2<\/td><td class=\"has-text-align-center\" data-align=\"center\">KS Biegoniczanka<\/td><td class=\"has-text-align-center\" data-align=\"center\">Niebieska<\/td><td class=\"has-text-align-center\" data-align=\"center\">Niebieskie<\/td><td class=\"has-text-align-center\" data-align=\"center\">Niebieskie<\/td><td class=\"has-text-align-center\" data-align=\"center\"><\/td><td class=\"has-text-align-center\" data-align=\"center\"><\/td><td><\/td><\/tr><tr><td class=\"has-text-align-center\" data-align=\"center\">3<\/td><td class=\"has-text-align-center\" data-align=\"center\">KS Gr\u00f3d Podegrodzie<\/td><td class=\"has-text-align-center\" data-align=\"center\">1.Bia\u0142o-niebieska <br> 2.Niebiesko-czarna<\/td><td class=\"has-text-align-center\" data-align=\"center\">1.Bia\u0142e <br> 2.Czarne<\/td><td class=\"has-text-align-center\" data-align=\"center\">Bia\u0142e <br> 2.Czarne<\/td><td class=\"has-text-align-center\" data-align=\"center\"><\/td><td class=\"has-text-align-center\" data-align=\"center\"><\/td><td><\/td><\/tr><tr><td class=\"has-text-align-center\" data-align=\"center\">4<\/td><td class=\"has-text-align-center\" data-align=\"center\">Hart T\u0119goborze<\/td><td class=\"has-text-align-center\" data-align=\"center\">\u017b\u00f3\u0142te<\/td><td class=\"has-text-align-center\" data-align=\"center\">Niebieskie<\/td><td class=\"has-text-align-center\" data-align=\"center\">\u017b\u00f3\u0142te<\/td><td class=\"has-text-align-center\" data-align=\"center\"><\/td><td class=\"has-text-align-center\" data-align=\"center\"><\/td><td><\/td><\/tr><tr><td class=\"has-text-align-center\" data-align=\"center\">5<\/td><td class=\"has-text-align-center\" data-align=\"center\">KS Kobylanka<\/td><td class=\"has-text-align-center\" data-align=\"center\">Niebieska<\/td><td class=\"has-text-align-center\" data-align=\"center\">Niebieeskie<\/td><td class=\"has-text-align-center\" data-align=\"center\">Niebieskie<\/td><td class=\"has-text-align-center\" data-align=\"center\"><\/td><td class=\"has-text-align-center\" data-align=\"center\"><\/td><td><\/td><\/tr><tr><td class=\"has-text-align-center\" data-align=\"center\">6<\/td><td class=\"has-text-align-center\" data-align=\"center\">KS Korzenna<\/td><td class=\"has-text-align-center\" data-align=\"center\">1. Niebiska <br> 2. Limonkowa<\/td><td class=\"has-text-align-center\" data-align=\"center\">1. Niebiskie <br> 2.Limonkowe<\/td><td class=\"has-text-align-center\" data-align=\"center\">1. Niebiskie <br> 2.Limonkowe<\/td><td class=\"has-text-align-center\" data-align=\"center\"><\/td><td class=\"has-text-align-center\" data-align=\"center\"><\/td><td><\/td><\/tr><tr><td class=\"has-text-align-center\" data-align=\"center\">7<\/td><td class=\"has-text-align-center\" data-align=\"center\">KS \u0141oso\u015b \u0141ososina Dolna<\/td><td class=\"has-text-align-center\" data-align=\"center\">Czerwona z niebieskim przeci\u0119ciem<\/td><td class=\"has-text-align-center\" data-align=\"center\">Czerwone<\/td><td class=\"has-text-align-center\" data-align=\"center\">Czerwone<\/td><td class=\"has-text-align-center\" data-align=\"center\"><\/td><td class=\"has-text-align-center\" data-align=\"center\"><\/td><td><\/td><\/tr><tr><td class=\"has-text-align-center\" data-align=\"center\">8<\/td><td class=\"has-text-align-center\" data-align=\"center\">KS Poprad Rytro<\/td><td class=\"has-text-align-center\" data-align=\"center\">Bia\u0142a<\/td><td class=\"has-text-align-center\" data-align=\"center\">Bia\u0142e<\/td><td class=\"has-text-align-center\" data-align=\"center\">Bia\u0142e<\/td><td class=\"has-text-align-center\" data-align=\"center\">Czarna<\/td><td class=\"has-text-align-center\" data-align=\"center\">Czarne<\/td><td>Czarne<\/td><\/tr><tr><td class=\"has-text-align-center\" data-align=\"center\">9<\/td><td class=\"has-text-align-center\" data-align=\"center\">KS Ropa<\/td><td class=\"has-text-align-center\" data-align=\"center\">Zielona<\/td><td class=\"has-text-align-center\" data-align=\"center\">Czarne<\/td><td class=\"has-text-align-center\" data-align=\"center\">Zielone<\/td><td class=\"has-text-align-center\" data-align=\"center\"><\/td><td class=\"has-text-align-center\" data-align=\"center\"><\/td><td><\/td><\/tr><tr><td class=\"has-text-align-center\" data-align=\"center\">10<\/td><td class=\"has-text-align-center\" data-align=\"center\">KS Skalnik Kamionka Wielka<\/td><td class=\"has-text-align-center\" data-align=\"center\">1. Czerwona<br>2. Bia\u0142a<\/td><td class=\"has-text-align-center\" data-align=\"center\">1. Czerwone<br>2. Czarne<\/td><td class=\"has-text-align-center\" data-align=\"center\">1. Czerwone<br>2. Czarne<\/td><td class=\"has-text-align-center\" data-align=\"center\"><\/td><td class=\"has-text-align-center\" data-align=\"center\"><\/td><td><\/td><\/tr><tr><td class=\"has-text-align-center\" data-align=\"center\">11<\/td><td class=\"has-text-align-center\" data-align=\"center\">KS Sok\u00f3\u0142 Stary S\u0105cz<\/td><td class=\"has-text-align-center\" data-align=\"center\">Niebieska<\/td><td class=\"has-text-align-center\" data-align=\"center\">Niebieske<\/td><td class=\"has-text-align-center\" data-align=\"center\">Niebieske<\/td><td class=\"has-text-align-center\" data-align=\"center\">Pomara\u0144czowa<\/td><td class=\"has-text-align-center\" data-align=\"center\">Pomara\u0144czowe<\/td><td>Czarne<\/td><\/tr><tr><td class=\"has-text-align-center\" data-align=\"center\">12<\/td><td class=\"has-text-align-center\" data-align=\"center\">KS Zag\u00f3rzany<\/td><td class=\"has-text-align-center\" data-align=\"center\">Zielona<\/td><td class=\"has-text-align-center\" data-align=\"center\">Zielone<\/td><td class=\"has-text-align-center\" data-align=\"center\">Zielone<\/td><td class=\"has-text-align-center\" data-align=\"center\">\u017b\u00f3\u0142ta<\/td><td class=\"has-text-align-center\" data-align=\"center\">Czarne<\/td><td>Czarne<\/td><\/tr><tr><td class=\"has-text-align-center\" data-align=\"center\">13<\/td><td class=\"has-text-align-center\" data-align=\"center\">KS Zawisza Ro\u017cn\u00f3w<\/td><td class=\"has-text-align-center\" data-align=\"center\">\u017b\u00f3\u0142to-czarne<\/td><td class=\"has-text-align-center\" data-align=\"center\">Czarne<\/td><td class=\"has-text-align-center\" data-align=\"center\">\u017b\u00f3\u0142te<\/td><td class=\"has-text-align-center\" data-align=\"center\"><\/td><td class=\"has-text-align-center\" data-align=\"center\"><\/td><td><\/td><\/tr><tr><td class=\"has-text-align-center\" data-align=\"center\">14<\/td><td class=\"has-text-align-center\" data-align=\"center\">KS Zyndram \u0141\u0105cko <\/td><td class=\"has-text-align-center\" data-align=\"center\">1. Czarna<br>2. Bia\u0142a<\/td><td class=\"has-text-align-center\" data-align=\"center\">1. \u017b\u00f3\u0142te<br>2. Czarne<\/td><td class=\"has-text-align-center\" data-align=\"center\">1. \u017b\u00f3\u0142te<br>2. Czarne<\/td><td class=\"has-text-align-center\" data-align=\"center\">Czerwona<\/td><td class=\"has-text-align-center\" data-align=\"center\">Czarne<\/td><td>Czarne<\/td><\/tr><\/tbody><\/table><\/figure>\n","protected":false},"excerpt":{"rendered":"<p>Lp. Klub Stroje podstawowe Bramkarz Koszulka Spodenki Getry Koszulka Spodenki Getry 1 KS Amator Paszyn Niebiesko-bia\u0142a Niebieskie Bia\u0142e 2 KS Biegoniczanka Niebieska Niebieskie Niebieskie 3 KS Gr\u00f3d Podegrodzie 1.Bia\u0142o-niebieska 2.Niebiesko-czarna 1.Bia\u0142e 2.Czarne Bia\u0142e 2.Czarne 4 Hart T\u0119goborze \u017b\u00f3\u0142te Niebieskie \u017b\u00f3\u0142te 5 KS Kobylanka Niebieska Niebieeskie Niebieskie 6 KS Korzenna 1. Niebiska 2. Limonkowa 1. Niebiskie &hellip; <\/p>\n<p class=\"link-more\"><a href=\"https:\/\/podokreggorlice.pl\/index.php\/kolory-strojow-klasa-okregowa-2023-2024\/\" class=\"more-link\">Read More<span class=\"screen-reader-text\"> &#8222;KOLORY STROJ\u00d3W KLASA OKR\u0118GOWA 2023\/2024&#8221;<\/span><\/a><\/p>\n","protected":false},"author":12,"featured_media":0,"parent":0,"menu_order":0,"comment_status":"closed","ping_status":"closed","template":"","meta":{"footnotes":""},"class_list":["post-1532","page","type-page","status-publish","hentry"],"_links":{"self":[{"href":"https:\/\/podokreggorlice.pl\/index.php\/wp-json\/wp\/v2\/pages\/1532","targetHints":{"allow":["GET"]}}],"collection":[{"href":"https:\/\/podokreggorlice.pl\/index.php\/wp-json\/wp\/v2\/pages"}],"about":[{"href":"https:\/\/podokreggorlice.pl\/index.php\/wp-json\/wp\/v2\/types\/page"}],"author":[{"embeddable":true,"href":"https:\/\/podokreggorlice.pl\/index.php\/wp-json\/wp\/v2\/users\/12"}],"replies":[{"embeddable":true,"href":"https:\/\/podokreggorlice.pl\/index.php\/wp-json\/wp\/v2\/comments?post=1532"}],"version-history":[{"count":9,"href":"https:\/\/podokreggorlice.pl\/index.php\/wp-json\/wp\/v2\/pages\/1532\/revisions"}],"predecessor-version":[{"id":1542,"href":"https:\/\/podokreggorlice.pl\/index.php\/wp-json\/wp\/v2\/pages\/1532\/revisions\/1542"}],"wp:attachment":[{"href":"https:\/\/podokreggorlice.pl\/index.php\/wp-json\/wp\/v2\/media?parent=1532"}],"curies":[{"name":"wp","href":"https:\/\/api.w.org\/{rel}","templated":true}]}}