{"id":153,"date":"2021-12-16T17:52:00","date_gmt":"2021-12-16T16:52:00","guid":{"rendered":"https:\/\/podokreggorlice.pl\/?page_id=153"},"modified":"2025-12-29T12:24:37","modified_gmt":"2025-12-29T11:24:37","slug":"kontakt","status":"publish","type":"page","link":"https:\/\/podokreggorlice.pl\/index.php\/kontakt\/","title":{"rendered":"Kontakt"},"content":{"rendered":"\n<p class=\"has-medium-font-size\">Ma\u0142opolski Zwi\u0105zek Pi\u0142ki No\u017cnej<br>Podokr\u0119g Pi\u0142ki No\u017cnej w Gorlicach<br>ul. Biecka 9 B<br>38-300 Gorlice<\/p>\n\n\n\n<hr class=\"wp-block-separator has-css-opacity\"\/>\n\n\n\n<p class=\"has-medium-font-size\"><strong>Dane teleadresowe:<\/strong><br>tel. kom. 660 398 736<br>e-mail: ppngorlice@wp.pl<br>strona internetowa: www.podokreggorlice.pl<\/p>\n\n\n\n<hr class=\"wp-block-separator has-css-opacity\"\/>\n\n\n\n<p class=\"has-medium-font-size\">Konto bankowe:<br>Bank Sp\u00f3\u0142dzielczy w Gorlicach<br>Numer konta:&nbsp;<strong>18 8795 0005 2001 0000 2046 0001<\/strong><\/p>\n","protected":false},"excerpt":{"rendered":"<p>Ma\u0142opolski Zwi\u0105zek Pi\u0142ki No\u017cnejPodokr\u0119g Pi\u0142ki No\u017cnej w Gorlicachul. Biecka 9 B38-300 Gorlice Dane teleadresowe:tel. kom. 660 398 736e-mail: ppngorlice@wp.plstrona internetowa: www.podokreggorlice.pl Konto bankowe:Bank Sp\u00f3\u0142dzielczy w GorlicachNumer konta:&nbsp;18 8795 0005 2001 0000 2046 0001<\/p>\n","protected":false},"author":1,"featured_media":0,"parent":0,"menu_order":0,"comment_status":"closed","ping_status":"closed","template":"","meta":{"footnotes":""},"class_list":["post-153","page","type-page","status-publish","hentry"],"_links":{"self":[{"href":"https:\/\/podokreggorlice.pl\/index.php\/wp-json\/wp\/v2\/pages\/153","targetHints":{"allow":["GET"]}}],"collection":[{"href":"https:\/\/podokreggorlice.pl\/index.php\/wp-json\/wp\/v2\/pages"}],"about":[{"href":"https:\/\/podokreggorlice.pl\/index.php\/wp-json\/wp\/v2\/types\/page"}],"author":[{"embeddable":true,"href":"https:\/\/podokreggorlice.pl\/index.php\/wp-json\/wp\/v2\/users\/1"}],"replies":[{"embeddable":true,"href":"https:\/\/podokreggorlice.pl\/index.php\/wp-json\/wp\/v2\/comments?post=153"}],"version-history":[{"count":4,"href":"https:\/\/podokreggorlice.pl\/index.php\/wp-json\/wp\/v2\/pages\/153\/revisions"}],"predecessor-version":[{"id":2629,"href":"https:\/\/podokreggorlice.pl\/index.php\/wp-json\/wp\/v2\/pages\/153\/revisions\/2629"}],"wp:attachment":[{"href":"https:\/\/podokreggorlice.pl\/index.php\/wp-json\/wp\/v2\/media?parent=153"}],"curies":[{"name":"wp","href":"https:\/\/api.w.org\/{rel}","templated":true}]}}