{"id":1521,"date":"2023-08-23T21:24:00","date_gmt":"2023-08-23T20:24:00","guid":{"rendered":"https:\/\/podokreggorlice.pl\/?page_id=1521"},"modified":"2023-08-23T21:50:49","modified_gmt":"2023-08-23T20:50:49","slug":"kolory-strojow-a-klasa-2023-2024","status":"publish","type":"page","link":"https:\/\/podokreggorlice.pl\/index.php\/kolory-strojow-a-klasa-2023-2024\/","title":{"rendered":"KOLORY STROJ\u00d3W A KLASA 2023\/2024"},"content":{"rendered":"\n<figure class=\"wp-block-table is-style-regular\"><table><tbody><tr><td class=\"has-text-align-center\" data-align=\"center\" rowspan=\"2\">Lp.<\/td><td class=\"has-text-align-center\" data-align=\"center\" rowspan=\"2\">Klub<\/td><td class=\"has-text-align-center\" data-align=\"center\" colspan=\"3\">Stroje Podstawowe<\/td><td class=\"has-text-align-center\" data-align=\"center\" colspan=\"3\">Bramkarz<\/td><\/tr><tr><td class=\"has-text-align-center\" data-align=\"center\">Koszulka<\/td><td class=\"has-text-align-center\" data-align=\"center\">Spodenki<\/td><td class=\"has-text-align-center\" data-align=\"center\">Getry<\/td><td class=\"has-text-align-center\" data-align=\"center\">Koszulka<\/td><td class=\"has-text-align-center\" data-align=\"center\">Spodenki<\/td><td class=\"has-text-align-center\" data-align=\"center\">Getry<\/td><\/tr><tr><td class=\"has-text-align-center\" data-align=\"center\">1<\/td><td class=\"has-text-align-center\" data-align=\"center\">Bia\u0142a Brunary<\/td><td class=\"has-text-align-center\" data-align=\"center\">Zielono-bia\u0142a<\/td><td class=\"has-text-align-center\" data-align=\"center\">Bia\u0142e<\/td><td class=\"has-text-align-center\" data-align=\"center\">Zielono-bia\u0142e<\/td><td class=\"has-text-align-center\" data-align=\"center\">Czarno-pomara\u0144czowa<\/td><td class=\"has-text-align-center\" data-align=\"center\">Czarne<\/td><td class=\"has-text-align-center\" data-align=\"center\">Czarne<\/td><\/tr><tr><td class=\"has-text-align-center\" data-align=\"center\">2<\/td><td class=\"has-text-align-center\" data-align=\"center\">Victoria \u015anietnica<\/td><td class=\"has-text-align-center\" data-align=\"center\">Niebiesko-bia\u0142a<\/td><td class=\"has-text-align-center\" data-align=\"center\">Niebieskie<\/td><td class=\"has-text-align-center\" data-align=\"center\">Niebieskie<\/td><td class=\"has-text-align-center\" data-align=\"center\">\u017b\u00f3\u0142to-czarna<\/td><td class=\"has-text-align-center\" data-align=\"center\">Czarne<\/td><td class=\"has-text-align-center\" data-align=\"center\">Czarne<\/td><\/tr><tr><td class=\"has-text-align-center\" data-align=\"center\">3<\/td><td class=\"has-text-align-center\" data-align=\"center\">W\u00f3jtowa<\/td><td class=\"has-text-align-center\" data-align=\"center\">Zielono-czarna<\/td><td class=\"has-text-align-center\" data-align=\"center\">Czarne<\/td><td class=\"has-text-align-center\" data-align=\"center\">Zielone<\/td><td class=\"has-text-align-center\" data-align=\"center\">\u017b\u00f3\u0142ta<\/td><td class=\"has-text-align-center\" data-align=\"center\">\u017b\u00f3\u0142te<\/td><td class=\"has-text-align-center\" data-align=\"center\">\u017b\u00f3\u0142te<\/td><\/tr><tr><td class=\"has-text-align-center\" data-align=\"center\">4<\/td><td class=\"has-text-align-center\" data-align=\"center\">\u0141u\u017cna<\/td><td class=\"has-text-align-center\" data-align=\"center\">1. Niebieska<br>2. Bia\u0142a<\/td><td class=\"has-text-align-center\" data-align=\"center\">1. Granatowe<br>2. Niebieskie<\/td><td class=\"has-text-align-center\" data-align=\"center\">1.Niebieskie<br>2. Bia\u0142e<\/td><td class=\"has-text-align-center\" data-align=\"center\"><\/td><td class=\"has-text-align-center\" data-align=\"center\"><\/td><td class=\"has-text-align-center\" data-align=\"center\"><\/td><\/tr><tr><td class=\"has-text-align-center\" data-align=\"center\">5<\/td><td class=\"has-text-align-center\" data-align=\"center\">Ogie\u0144 S\u0119kowa<\/td><td class=\"has-text-align-center\" data-align=\"center\">Niebieska<\/td><td class=\"has-text-align-center\" data-align=\"center\">Czarne<\/td><td class=\"has-text-align-center\" data-align=\"center\">Czarne<\/td><td class=\"has-text-align-center\" data-align=\"center\">1. Szara<br>2. Zielona<br>3. Czarna<br>4. \u017b\u00f3\u0142ta<\/td><td class=\"has-text-align-center\" data-align=\"center\"><\/td><td class=\"has-text-align-center\" data-align=\"center\"><\/td><\/tr><tr><td class=\"has-text-align-center\" data-align=\"center\">6<\/td><td class=\"has-text-align-center\" data-align=\"center\">Rac\u0142awice<\/td><td class=\"has-text-align-center\" data-align=\"center\">Czarna z bia\u0142ymi wstawkami<\/td><td class=\"has-text-align-center\" data-align=\"center\">Czarne<\/td><td class=\"has-text-align-center\" data-align=\"center\">Czarne<\/td><td class=\"has-text-align-center\" data-align=\"center\"><\/td><td class=\"has-text-align-center\" data-align=\"center\"><\/td><td class=\"has-text-align-center\" data-align=\"center\"><\/td><\/tr><tr><td class=\"has-text-align-center\" data-align=\"center\">7<\/td><td class=\"has-text-align-center\" data-align=\"center\">Szymbark<\/td><td class=\"has-text-align-center\" data-align=\"center\">Niebieskia<\/td><td class=\"has-text-align-center\" data-align=\"center\">Czarne<\/td><td class=\"has-text-align-center\" data-align=\"center\">Czarne<\/td><td class=\"has-text-align-center\" data-align=\"center\"><\/td><td class=\"has-text-align-center\" data-align=\"center\"><\/td><td class=\"has-text-align-center\" data-align=\"center\"><\/td><\/tr><tr><td class=\"has-text-align-center\" data-align=\"center\">8<\/td><td class=\"has-text-align-center\" data-align=\"center\">Nafta Kryg<\/td><td class=\"has-text-align-center\" data-align=\"center\">1. \u017b\u00f3\u0142to-bia\u0142o\u2013jasno niebieska<br>2. Bordowo-granatowa<\/td><td class=\"has-text-align-center\" data-align=\"center\">1. Jasno-niebieskie<br>2. Granatowe<\/td><td class=\"has-text-align-center\" data-align=\"center\">Bia\u0142e<\/td><td class=\"has-text-align-center\" data-align=\"center\">Zielona pomara\u0144czowa<\/td><td class=\"has-text-align-center\" data-align=\"center\">Czarne<\/td><td class=\"has-text-align-center\" data-align=\"center\">Czarne<\/td><\/tr><tr><td class=\"has-text-align-center\" data-align=\"center\">9<\/td><td class=\"has-text-align-center\" data-align=\"center\">Bystra<\/td><td class=\"has-text-align-center\" data-align=\"center\">\u017b\u00f3\u0142ty<\/td><td class=\"has-text-align-center\" data-align=\"center\">Czarne<\/td><td class=\"has-text-align-center\" data-align=\"center\">Czarne<\/td><td class=\"has-text-align-center\" data-align=\"center\">Czarne<\/td><td class=\"has-text-align-center\" data-align=\"center\">Czarne<\/td><td class=\"has-text-align-center\" data-align=\"center\">Czarne<\/td><\/tr><tr><td class=\"has-text-align-center\" data-align=\"center\">10<\/td><td class=\"has-text-align-center\" data-align=\"center\">Bobowa<\/td><td class=\"has-text-align-center\" data-align=\"center\">Granatowa<\/td><td class=\"has-text-align-center\" data-align=\"center\">Bia\u0142e<\/td><td class=\"has-text-align-center\" data-align=\"center\">Bia\u0142e<\/td><td class=\"has-text-align-center\" data-align=\"center\">Seledynowa<\/td><td class=\"has-text-align-center\" data-align=\"center\">Czarne<\/td><td class=\"has-text-align-center\" data-align=\"center\">Bia\u0142e<\/td><\/tr><tr><td class=\"has-text-align-center\" data-align=\"center\">11<\/td><td class=\"has-text-align-center\" data-align=\"center\">U\u015bcie Gorlickie<\/td><td class=\"has-text-align-center\" data-align=\"center\">1. Czerwona<br>2. Czarno-bordowa<\/td><td class=\"has-text-align-center\" data-align=\"center\">1. Czerwone<br>2. Czarne<\/td><td class=\"has-text-align-center\" data-align=\"center\">1.Czerwone<br>2. Czarne<\/td><td class=\"has-text-align-center\" data-align=\"center\">Zielona<\/td><td class=\"has-text-align-center\" data-align=\"center\">Zielone<\/td><td class=\"has-text-align-center\" data-align=\"center\">Zielone<\/td><\/tr><tr><td class=\"has-text-align-center\" data-align=\"center\">12<\/td><td class=\"has-text-align-center\" data-align=\"center\">Moszczenica<\/td><td class=\"has-text-align-center\" data-align=\"center\">Czerwono-czarna<\/td><td class=\"has-text-align-center\" data-align=\"center\">Czarne<\/td><td class=\"has-text-align-center\" data-align=\"center\">Czarne<\/td><td class=\"has-text-align-center\" data-align=\"center\">Pomara\u0144czowa<\/td><td class=\"has-text-align-center\" data-align=\"center\">Pomara\u0144czowe<\/td><td class=\"has-text-align-center\" data-align=\"center\">Pomara\u0144czowe<\/td><\/tr><tr><td class=\"has-text-align-center\" data-align=\"center\">13<\/td><td class=\"has-text-align-center\" data-align=\"center\">Sok\u00f3\u0142 Staszk\u00f3wka<\/td><td class=\"has-text-align-center\" data-align=\"center\">Niebiesko-\u017c\u00f3\u0142ta<\/td><td class=\"has-text-align-center\" data-align=\"center\">Niebieskie<\/td><td class=\"has-text-align-center\" data-align=\"center\">\u017b\u00f3\u0142te<\/td><td class=\"has-text-align-center\" data-align=\"center\">Czarne<\/td><td class=\"has-text-align-center\" data-align=\"center\">Czarne<\/td><td class=\"has-text-align-center\" data-align=\"center\">Czarne<\/td><\/tr><\/tbody><\/table><\/figure>\n","protected":false},"excerpt":{"rendered":"<p>Lp. Klub Stroje Podstawowe Bramkarz Koszulka Spodenki Getry Koszulka Spodenki Getry 1 Bia\u0142a Brunary Zielono-bia\u0142a Bia\u0142e Zielono-bia\u0142e Czarno-pomara\u0144czowa Czarne Czarne 2 Victoria \u015anietnica Niebiesko-bia\u0142a Niebieskie Niebieskie \u017b\u00f3\u0142to-czarna Czarne Czarne 3 W\u00f3jtowa Zielono-czarna Czarne Zielone \u017b\u00f3\u0142ta \u017b\u00f3\u0142te \u017b\u00f3\u0142te 4 \u0141u\u017cna 1. Niebieska2. Bia\u0142a 1. Granatowe2. Niebieskie 1.Niebieskie2. Bia\u0142e 5 Ogie\u0144 S\u0119kowa Niebieska Czarne Czarne 1. Szara2. &hellip; <\/p>\n<p class=\"link-more\"><a href=\"https:\/\/podokreggorlice.pl\/index.php\/kolory-strojow-a-klasa-2023-2024\/\" class=\"more-link\">Read More<span class=\"screen-reader-text\"> &#8222;KOLORY STROJ\u00d3W A KLASA 2023\/2024&#8221;<\/span><\/a><\/p>\n","protected":false},"author":12,"featured_media":0,"parent":0,"menu_order":0,"comment_status":"closed","ping_status":"closed","template":"","meta":{"footnotes":""},"class_list":["post-1521","page","type-page","status-publish","hentry"],"_links":{"self":[{"href":"https:\/\/podokreggorlice.pl\/index.php\/wp-json\/wp\/v2\/pages\/1521","targetHints":{"allow":["GET"]}}],"collection":[{"href":"https:\/\/podokreggorlice.pl\/index.php\/wp-json\/wp\/v2\/pages"}],"about":[{"href":"https:\/\/podokreggorlice.pl\/index.php\/wp-json\/wp\/v2\/types\/page"}],"author":[{"embeddable":true,"href":"https:\/\/podokreggorlice.pl\/index.php\/wp-json\/wp\/v2\/users\/12"}],"replies":[{"embeddable":true,"href":"https:\/\/podokreggorlice.pl\/index.php\/wp-json\/wp\/v2\/comments?post=1521"}],"version-history":[{"count":10,"href":"https:\/\/podokreggorlice.pl\/index.php\/wp-json\/wp\/v2\/pages\/1521\/revisions"}],"predecessor-version":[{"id":1540,"href":"https:\/\/podokreggorlice.pl\/index.php\/wp-json\/wp\/v2\/pages\/1521\/revisions\/1540"}],"wp:attachment":[{"href":"https:\/\/podokreggorlice.pl\/index.php\/wp-json\/wp\/v2\/media?parent=1521"}],"curies":[{"name":"wp","href":"https:\/\/api.w.org\/{rel}","templated":true}]}}