{"id":1096,"date":"2022-12-30T14:55:16","date_gmt":"2022-12-30T13:55:16","guid":{"rendered":"https:\/\/podokreggorlice.pl\/?page_id=1096"},"modified":"2025-03-17T21:05:23","modified_gmt":"2025-03-17T20:05:23","slug":"zarzad-mzpn-ppn-gorlice","status":"publish","type":"page","link":"https:\/\/podokreggorlice.pl\/index.php\/zarzad-mzpn-ppn-gorlice\/","title":{"rendered":""},"content":{"rendered":"\n<p class=\"has-text-align-center has-large-font-size\"><strong>W sk\u0142ad Zarz\u0105du MZPN PPN Gorlice wchodz\u0105:<\/strong><\/p>\n\n\n\n<p class=\"has-text-align-center has-medium-font-size\"><strong>Prezes:<\/strong><br>Waldemar Pyznar <br><strong>Sekretarz:<\/strong><br>Adam Niedziela<br><br><strong>Pozostali cz\u0142onkowie Zarz\u0105du:<\/strong><\/p>\n\n\n\n<p class=\"has-text-align-center has-medium-font-size\">Pawe\u0142 Nikiel<br>Miros\u0142aw Bilski<br>Przemys\u0142aw Przyby\u0142owicz<br>Pawe\u0142 Rewak<br>Zenon Struga\u0142a<br><\/p>\n","protected":false},"excerpt":{"rendered":"<p>W sk\u0142ad Zarz\u0105du MZPN PPN Gorlice wchodz\u0105: Prezes:Waldemar Pyznar Sekretarz:Adam Niedziela Pozostali cz\u0142onkowie Zarz\u0105du: Pawe\u0142 NikielMiros\u0142aw BilskiPrzemys\u0142aw Przyby\u0142owiczPawe\u0142 RewakZenon Struga\u0142a<\/p>\n","protected":false},"author":2,"featured_media":0,"parent":0,"menu_order":0,"comment_status":"closed","ping_status":"closed","template":"","meta":{"footnotes":""},"class_list":["post-1096","page","type-page","status-publish","hentry"],"_links":{"self":[{"href":"https:\/\/podokreggorlice.pl\/index.php\/wp-json\/wp\/v2\/pages\/1096","targetHints":{"allow":["GET"]}}],"collection":[{"href":"https:\/\/podokreggorlice.pl\/index.php\/wp-json\/wp\/v2\/pages"}],"about":[{"href":"https:\/\/podokreggorlice.pl\/index.php\/wp-json\/wp\/v2\/types\/page"}],"author":[{"embeddable":true,"href":"https:\/\/podokreggorlice.pl\/index.php\/wp-json\/wp\/v2\/users\/2"}],"replies":[{"embeddable":true,"href":"https:\/\/podokreggorlice.pl\/index.php\/wp-json\/wp\/v2\/comments?post=1096"}],"version-history":[{"count":5,"href":"https:\/\/podokreggorlice.pl\/index.php\/wp-json\/wp\/v2\/pages\/1096\/revisions"}],"predecessor-version":[{"id":2363,"href":"https:\/\/podokreggorlice.pl\/index.php\/wp-json\/wp\/v2\/pages\/1096\/revisions\/2363"}],"wp:attachment":[{"href":"https:\/\/podokreggorlice.pl\/index.php\/wp-json\/wp\/v2\/media?parent=1096"}],"curies":[{"name":"wp","href":"https:\/\/api.w.org\/{rel}","templated":true}]}}

<p class="has-text-align-center has-large-font-size"><strong>W skład Zarządu MZPN PPN Gorlice wchodzą:</strong></p>



<p class="has-text-align-center has-medium-font-size"><strong>Prezes:</strong><br>Waldemar Pyznar <br><strong>Sekretarz:</strong><br>Adam Niedziela<br><br><strong>Pozostali członkowie Zarządu:</strong></p>



<p class="has-text-align-center has-medium-font-size">Paweł Nikiel<br>Mirosław Bilski<br>Przemysław Przybyłowicz<br>Paweł Rewak<br>Zenon Strugała<br></p>

<p>W skład Zarządu MZPN PPN Gorlice wchodzą: Prezes:Waldemar Pyznar Sekretarz:Adam Niedziela Pozostali członkowie Zarządu: Paweł NikielMirosław BilskiPrzemysław PrzybyłowiczPaweł RewakZenon Strugała</p>
